13 (base 9) in base 5?
-34232
Convert -1947 (base 12) to base 6.
-22131
Convert fe0 (base 16) to base 6.
30452
What is 1338 (base 10) in base 5?
20323
What is -14b7 (base 14) in base 7?
-13520
Convert -1100222 (base 3) to base 6.
-4342
826 (base 16) to base 6
13354
-8410 (base 10) to base 7
-33343
-6bb (base 15) to base 9
-2075
What is 3c37 (base 16) in base 2?
11110000110111
Convert -19a (base 12) to base 10.
-262
What is 43135 (base 9) in base 3?
1110011012
What is 12230 (base 5) in base 11?
785
What is -885 (base 11) in base 16?
-425
What is -69 (base 15) in base 16?
-63
What is 1230042 (base 5) in base 8?
56334
-340140 (base 5) to base 3
-121100111
What is -14264 (base 7) in base 8?
-7515
What is 1317d (base 14) in base 11?
32307
-102122021 (base 3) to base 11
-6414
-11111110010 (base 2) to base 15
-909
2ea9 (base 15) to base 14
3947
18d9 (base 15) to base 11
4050
3115 (base 6) to base 8
1267
-5457 (base 10) to base 14
-1dbb
-9a (base 14) to base 13
-a6
Convert -10010000000 (base 2) to base 9.
-1520
2053 (base 6) to base 8
721
What is 1213013 (base 4) in base 10?
6599
Convert 9205 (base 12) to base 13.
729b
Convert 4200 (base 6) to base 7.
2505
-12020 (base 4) to base 14
-200
-11b2 (base 15) to base 4
-322313
203163 (base 7) to base 8
103661
Convert 115 (base 15) to base 14.
137
Convert -399 (base 11) to base 14.
-259
a683 (base 13) to base 2
101101000110011
-11114 (base 8) to base 13
-2194
Convert 117 (base 9) to base 13.
76
Convert -25a5 (base 15) to base 3.
-102000102
What is -134504 (base 8) in base 11?
-326a7
What is 653 (base 7) in base 5?
2312
What is 2254 (base 6) in base 9?
657
Convert -efb (base 16) to base 6.
-25431
What is -100111010100001 (base 2) in base 16?
-4ea1
-7192 (base 15) to base 11
-17027
1102002 (base 4) to base 13
250b
Convert 1241 (base 7) to base 13.
2a2
Convert -304 (base 8) to base 14.
-100
What is -7708 (base 13) in base 16?
-40ba
Convert -15431 (base 6) to base 3.
-10111001
1000011011 (base 2) to base 15
25e
Convert -172 (base 10) to base 13.
-103
What is 25401 (base 6) in base 13?
1978
What is -249b (base 15) in base 6?
-100032
-4441 (base 5) to base 7
-1545
-14906 (base 11) to base 8
-51104
Convert 10205 (base 7) to base 5.
40004
Convert -30233001 (base 4) to base 13.
-1a985
-543 (base 14) to base 9
-1374
Convert -3197 (base 12) to base 2.
-1010101000011
Convert -2aa (base 12) to base 7.
-1135
Convert -45b2 (base 13) to base 3.
-111102011
What is 121112 (base 3) in base 2?
110111110
9914 (base 13) to base 3
1002020022
Convert -111 (base 16) to base 3.
-101010
Convert -111101100101 (base 2) to base 3.
-12101222
Convert 20e (base 16) to base 15.
251
Convert -45a6 (base 11) to base 7.
-23424
-5553 (base 6) to base 5
-20133
Convert 266 (base 7) to base 4.
2102
What is c16d (base 14) in base 6?
413445
1608 (base 12) to base 14
d3a
-1000002 (base 3) to base 5
-10411
-32444 (base 8) to base 12
-7a58
-1 (base 14) to base 7
-1
What is -121021102 (base 3) in base 15?
-37ae
What is -1522 (base 9) in base 11?
-95a
-6477 (base 14) to base 16
-43c9
What is 257 (base 16) in base 10?
599
Convert -206460 (base 7) to base 15.
-a990
What is 22221002 (base 3) in base 6?
50045
-21121 (base 4) to base 14
-30d
Convert -17a (base 12) to base 8.
-356
What is -2568 (base 11) in base 10?
-3341
Convert -212121 (base 3) to base 12.
-451
Convert -340052 (base 6) to base 15.
-86ce
Convert -31702 (base 10) to base 2.
-111101111010110
Convert -116 (base 9) to base 12.
-80
4a2d (base 15) to base 12
9181
5498 (base 12) to base 11
7014
Convert 259 (base 11) to base 6.
1230
394 (base 10) to base 16
18a
What is 706 (base 9) in base 3?
210020
Convert -1482 (base 11) to base 8.
-3561
321 (base 16) to base 3
1002200
What is -2320 (base 4) in base 14?
-d2
Convert 901a (base 16) to base 4.
21000122
25772 (base 8) to base 4
2233322
Convert 8db (base 15) to base 14.
a34
What is 13314 (base 5) in base 11?
8a6
Convert 3758 (base 9) to base 13.
137c
What is 5869 (base 10) in base 8?
13355
What is 2023210 (base 5) in base 6?
412242
What is -3000 (base 7) in base 6?
-4433
1899a (base 13) to base 8
135251
What is 32265 (base 7) in base 16?
1f62
What is -1000001 (base 2) in base 10?
-65
What is 326 (base 14) in base 13?
38b
What is -1102234 (base 5) in base 16?
-4a7d
What is 1001001 (base 2) in base 5?
243
-134131 (base 7) to base 2
-110001101101101
Convert 42003 (base 6) to base 7.
22245
41 (base 10) to base 6
105
b97 (base 12) to base 14
895
What is 10743 (base 10) in base 11?
8087
What is 23323 (base 6) in base 9?
4546
Convert -12551 (base 9) to base 8.
-20426
Convert 1441 (base 12) to base 9.
3204
Convert 22da (base 15) to base 11.
5622
10101011 (base 2) to base 9
210
-454 (base 7) to base 8
-353
Convert -1122 (base 16) to base 4.
-1010202
111010 (base 3) to base 7
1014
Convert -3442 (base 6) to base 15.
-398
What is 3332 (base 7) in base 11?
9a0
Convert -2627 (base 8) to base 11.
-1091
What is -14216 (base 8) in base 13?
-2b27
What is -7188 (base 15) in base 8?
-56652
2307 (base 9) to base 8
3254
1576 (base 11) to base 7
5613
What is -10352 (base 7) in base 5?
-40320
What is 597 (base 11) in base 9?
870
Convert 11402 (base 5) to base 15.
3bc
Convert 1000110101 (base 2) to base 14.
2c5
Convert 3131 (base 6) to base 3.
222001
What is 1250 (base 9) in base 16?
3a8
Convert 344 (base 6) to base 16.
88
Convert -41b5 (base 12) to base 14.
-289b
Convert 5099 (base 12) to base 11.
6641
30630 (base 7) to base 9
11273
Convert 10303 (base 4) to base 5.
2212
Convert -5ca1 (base 14) to base 6.
-203021
Convert 20005 (base 6) to base 8.
5045
Convert -1111110011011000 (base 2) to base 14.
-19836
-12311 (base 4) to base 13
-278
-171 (base 14) to base 12
-207
-20c5 (base 13) to base 2
-1000111001011
Convert -13632 (base 9) to base 5.
-244023
Convert 135655 (base 7) to base 6.
320351
Convert -72321 (base 8) to base 5.
-1424110
Convert 9a7c (base 13) to base 3.
1002120202
What is -79b (base 14) in base 11?
-1152
Convert -6cf (base 16) to base 2.
-11011001111
Convert -386 (base 14) to base 2.
-1011000010
Convert -21111 (base 4) to base 14.
-309
455 (base 8) to base 4
10231
What is 52542 (base 6) in base 11?
5391
464 (base 10) to base 5
3324
Convert -20312 (base 5) to base 8.
-2464
111 (base 16) to base 11
229
-1d8 (base 16) to base 15
-217
Convert 62 (base 10) to base 3.
2022
Convert -ab (base 15) to base 3.
-12222
-23220 (base 5) to base 4
-122111
What is 3033 (base 7) in base 11?
878
Convert 36163 (base 8) to base 16.
3c73
-12304 (base 7) to base 3
-11102221
7438 (base 12) to base 9
18388
24435 (base 6) to base 7
13364
What is -12020011 (base 3) in base 8?
-7343
10111 (base 4) to base 2
100010101
What is -701 (base 13) in base 4?
-102200
Convert 1569 (base 10) to base 3.
2011010
Convert -422 (base 13) to base 6.
-3132
What is -5404 (base 6) in base 10?
-1228
Convert -908 (base 11) to base 10.
-1097
What is 300 (base 14) in base 6?
2420
What is -20203 (base 7) in base 2?
-1001100100111
What is 21200 (base 3) in base 15?
dc
Convert 670 (base 13) to base 16.
451
What is -70cb (base 13) in base 9?
-23283
Convert 274 (base 8) to base 5.
1223
What is -10465 (base 8) in base 14?
-1869
Convert -5324 (base 6) to base 4.
-102310
What is -702 (base 8) in base 14?
-242
Convert -202002 (base 3) to base 7.
-1403
-3931 (base 12) to base 13
-2c74
What is -24114 (base 6) in base 16?
-dae
-148 (base 13) to base 16
-e5
Convert -25 (base 6) to base 12.
-15
What is a6a1 (base 11) in base 15?
42d2
Convert 3313 (base 6) to base 15.
360
Convert 1000111100111 (base 2) to base 11.
3497
What is 5201 (base 7) in base 4?
130112
What is 189 (base 14) in base 2?
100111101
Convert 13c1 (base 16) to base 10.
5057
2002211022 (base 3) to base 2
1010000111010010
What is 66241 (base 10) in base 14?
1a1d7
What is -23101 (base 6) in base 15?
-e87
What is 2104 (base 7) in base 4?
23203
2b (base 15) to base 3
1112
What is -47 (base 8) in base 15?
-29
-2001210 (base 4) to base 13
-3a0b
Convert -1100425 (base 6) to base 4.
-31111001
What is 53212 (base 6) in base 7?
30005
-239 (base 11) to base 9
-345
3507 (base 11) to base 6
33153
310003 (base 7) to base 2
1100111001011001
What is -1472 (base 10) in base 2?
-10111000000
3087 (base 10) to base 6
22143
-2003 (base 6) to base 10
-435
Convert -17957 (base 11) to 